0
Calculate the remainder when 597387 is divided by 5020.
7
Calculate the remainder when 8872 is divided by 1668.
532
What is the remainder when 4550 is divided by 145?
55
What is the remainder when 65223 is divided by 31?
30
What is the remainder when 4753 is divided by 791?
7
What is the remainder when 17063 is divided by 68?
63
Calculate the remainder when 516851 is divided by 40.
11
Calculate the remainder when 18816 is divided by 4461.
972
What is the remainder when 21051 is divided by 6959?
174
What is the remainder when 355093 is divided by 14?
11
Calculate the remainder when 427473 is divided by 14.
11
Calculate the remainder when 2314 is divided by 686.
256
Calculate the remainder when 119127 is divided by 114.
111
Calculate the remainder when 101716 is divided by 14.
6
Calculate the remainder when 2733 is divided by 403.
315
What is the remainder when 27631 is divided by 49?
44
Calculate the remainder when 2265 is divided by 253.
241
Calculate the remainder when 15200 is divided by 39.
29
What is the remainder when 5018 is divided by 20?
18
Calculate the remainder when 55627 is divided by 76.
71
What is the remainder when 395453 is divided by 592?
589
What is the remainder when 2547 is divided by 987?
573
Calculate the remainder when 30972 is divided by 449.
440
Calculate the remainder when 1001 is divided by 491.
19
Calculate the remainder when 112348 is divided by 70.
68
Calculate the remainder when 649694 is divided by 1497.
1493
Calculate the remainder when 24205 is divided by 69.
55
Calculate the remainder when 46169 is divided by 15384.
17
What is the remainder when 3960 is divided by 28?
12
What is the remainder when 1311461 is divided by 14?
11
What is the remainder when 56913 is divided by 18?
15
Calculate the remainder when 14735 is divided by 2941.
30
What is the remainder when 5432 is divided by 232?
96
Calculate the remainder when 211364 is divided by 180.
44
Calculate the remainder when 3347 is divided by 636.
167
What is the remainder when 1159977 is divided by 77331?
12
What is the remainder when 97920 is divided by 35?
25
What is the remainder when 900 is divided by 785?
115
Calculate the remainder when 4144196 is divided by 189.
182
What is the remainder when 16583 is divided by 24?
23
What is the remainder when 1244 is divided by 403?
35
What is the remainder when 1259607 is divided by 1815?
1812
Calculate the remainder when 2227103 is divided by 11.
10
Calculate the remainder when 2126013 is divided by 451.
450
Calculate the remainder when 23124 is divided by 422.
336
Calculate the remainder when 6547 is divided by 127.
70
What is the remainder when 2661 is divided by 22?
21
What is the remainder when 87013 is divided by 4834?
1
What is the remainder when 20429 is divided by 456?
365
Calculate the remainder when 26923 is divided by 538.
23
What is the remainder when 54174 is divided by 732?
6
Calculate the remainder when 1904 is divided by 383.
372
What is the remainder when 96636 is divided by 565?
21
What is the remainder when 128420 is divided by 298?
280
Calculate the remainder when 3157 is divided by 1475.
207
Calculate the remainder when 27707 is divided by 252.
239
Calculate the remainder when 116473 is divided by 29113.
21
What is the remainder when 23108 is divided by 182?
176
Calculate the remainder when 874 is divided by 760.
114
Calculate the remainder when 7775 is divided by 116.
3
What is the remainder when 5550 is divided by 7?
6
What is the remainder when 620 is divided by 150?
20
Calculate the remainder when 449410 is divided by 15.
10
What is the remainder when 38008 is divided by 16?
8
What is the remainder when 24041 is divided by 225?
191
What is the remainder when 2575 is divided by 2?
1
What is the remainder when 53523 is divided by 43?
31
What is the remainder when 8726 is divided by 8630?
96
What is the remainder when 8146 is divided by 300?
46
Calculate the remainder when 2017 is divided by 519.
460
What is the remainder when 102 is divided by 53?
49
What is the remainder when 2384 is divided by 492?
416
Calculate the remainder when 371447 is divided by 53.
23
What is the remainder when 41378 is divided by 1653?
53
What is the remainder when 102 is divided by 43?
16
Calculate the remainder when 44654 is divided by 70.
64
Calculate the remainder when 2406684 is divided by 726.
720
Calculate the remainder when 2752 is divided by 58.
26
What is the remainder when 827 is divided by 33?
2
Calculate the remainder when 498 is divided by 125.
123
What is the remainder when 35563 is divided by 741?
736
Calculate the remainder when 2546 is divided by 53.
2
Calculate the remainder when 6123 is divided by 555.
18
Calculate the remainder when 995 is divided by 132.
71
Calculate the remainder when 3724 is divided by 1860.
4
What is the remainder when 638518 is divided by 120?
118
Calculate the remainder when 3465 is divided by 19.
7
What is the remainder when 66505 is divided by 227?
221
What is the remainder when 618827 is divided by 12?
11
Calculate the remainder when 551 is divided by 375.
176
Calculate the remainder when 78256 is divided by 243.
10
Calculate the remainder when 149987 is divided by 42.
5
What is the remainder when 307767 is divided by 136?
135
Calculate the remainder when 829082 is divided by 165815.
7
What is the remainder when 4933250 is divided by 793?
790
What is the remainder when 63737 is divided by 95?
87
What is the remainder when 11931 is divided by 161?
17
What is the remainder when 3563 is divided by 24?
11
Calculate the remainder when 690255 is divided by 174.
171
What is the remainder when 69946 is divided by 282?
10
What is the remainder when 48026 is divided by 245?
6
Calculate the remainder when 996643 is divided by 160.
3
What is the remainder when 7585 is divided by 79?
1
Calculate the remainder when 4462 is divided by 5.
2
What is the remainder when 10079 is divided by 4873?
333
Calculate the remainder when 90394 is divided by 226.
220
Calculate the remainder when 24546 is divided by 341.
335
Calculate the remainder when 71946 is divided by 17985.
6
Calculate the remainder when 211370 is divided by 1957.
14
What is the remainder when 220181 is divided by 68?
65
Calculate the remainder when 46258 is divided by 138.
28
Calculate the remainder when 7369 is divided by 494.
453
Calculate the remainder when 14072 is divided by 372.
308
What is the remainder when 3028 is divided by 180?
148
What is the remainder when 2005 is divided by 532?
409
What is the remainder when 8368 is divided by 4?
0
What is the remainder when 3523069 is divided by 64?
61
Calculate the remainder when 33535 is divided by 570.
475
Calculate the remainder when 186 is divided by 135.
51
What is the remainder when 7846 is divided by 3912?
22
What is the remainder when 27262 is divided by 4542?
10
Calculate the remainder when 1551118 is divided by 1104.
1102
What is the remainder when 10820 is divided by 611?
433
Calculate the remainder when 6615 is divided by 154.
147
Calculate the remainder when 1098 is divided by 390.
318
What is the remainder when 33380 is divided by 90?
80
What is the remainder when 5445 is divided by 29?
22
Calculate the remainder when 17736 is divided by 261.
249
What is the remainder when 13728 is divided by 2580?
828
What is the remainder when 142078 is divided by 768?
766
What is the remainder when 827399 is divided by 1093?
1091
Calculate the remainder when 150511 is divided by 1075.
11
What is the remainder when 60556 is divided by 15137?
8
What is the remainder when 718238 is divided by 536?
534
Calculate the remainder when 1877223 is divided by 78.
75
What is the remainder when 114310 is divided by 14287?
14
Calculate the remainder when 2183 is divided by 59.
0
Calculate the remainder when 24032 is divided by 572.
8
Calculate the remainder when 147477 is divided by 36852.
69
What is the remainder when 11510 is divided by 2823?
218
Calculate the remainder when 179327 is divided by 1616.
1567
Calculate the remainder when 47373 is divided by 73.
69
Calculate the remainder when 26183 is divided by 516.
383
Calculate the remainder when 71086 is divided by 253.
246
Calculate the remainder when 43467 is divided by 21722.
23
What is the remainder when 67041 is divided by 